5614051
List the prime factors of 249747.
3, 17, 59, 83
List the prime factors of 30038072.
2, 137, 27407
What are the prime factors of 6412347?
3, 712483
What are the prime factors of 113014?
2, 11, 467
List the prime factors of 2280817.
7, 11, 19, 1559
What are the prime factors of 13183513?
7, 1883359
List the prime factors of 7006600.
2, 5, 53, 661
List the prime factors of 13329506.
2, 6664753
List the prime factors of 207233.
13, 19, 839
List the prime factors of 4742026.
2, 107, 22159
List the prime factors of 22085690.
2, 5, 11, 200779
What are the prime factors of 62709?
3, 20903
List the prime factors of 959738.
2, 13, 36913
What are the prime factors of 1703220?
2, 3, 5, 28387
What are the prime factors of 2031406?
2, 13, 23, 43, 79
List the prime factors of 8896029.
3, 487, 6089
What are the prime factors of 451516?
2, 13, 19, 457
List the prime factors of 6574781.
2063, 3187
List the prime factors of 288407.
7, 41201
List the prime factors of 130976.
2, 4093
What are the prime factors of 15834358?
2, 7917179
What are the prime factors of 8527858?
2, 4263929
List the prime factors of 39312.
2, 3, 7, 13
What are the prime factors of 382207?
7, 54601
What are the prime factors of 463708?
2, 7, 16561
List the prime factors of 42935.
5, 31, 277
List the prime factors of 9324215.
5, 181, 10303
What are the prime factors of 1128393?
3, 7, 17911
What are the prime factors of 4488994?
2, 53, 42349
List the prime factors of 324844.
2, 13, 6247
What are the prime factors of 3683560?
2, 5, 17, 5417
What are the prime factors of 10910071?
10910071
What are the prime factors of 71549?
71549
What are the prime factors of 17064119?
17064119
List the prime factors of 12637463.
139, 90917
What are the prime factors of 443499?
3, 7, 431
What are the prime factors of 207724?
2, 11, 4721
What are the prime factors of 319286?
2, 11, 23, 631
What are the prime factors of 224615?
5, 167, 269
What are the prime factors of 32758261?
19, 251, 6869
List the prime factors of 6286063.
7, 128287
List the prime factors of 16342289.
103, 158663
What are the prime factors of 67045?
5, 11, 23, 53
What are the prime factors of 1588066?
2, 794033
What are the prime factors of 1069044?
2, 3, 89087
List the prime factors of 1568905.
5, 13, 24137
List the prime factors of 6235356.
2, 3, 59, 8807
List the prime factors of 20251537.
20251537
What are the prime factors of 1030473?
3, 61, 1877
What are the prime factors of 5767547?
43, 134129
What are the prime factors of 293439?
3, 97813
What are the prime factors of 446479?
11, 37, 1097
What are the prime factors of 13305873?
3, 7, 633613
List the prime factors of 14623508.
2, 3655877
What are the prime factors of 91506?
2, 3, 101, 151
List the prime factors of 3356469.
3, 372941
What are the prime factors of 482619?
3, 19, 8467
What are the prime factors of 2160029?
2160029
List the prime factors of 3922481.
37, 106013
What are the prime factors of 119388?
2, 3, 9949
List the prime factors of 311054.
2, 29, 31, 173
List the prime factors of 22566.
2, 3, 3761
List the prime factors of 140063.
7, 11, 17, 107
What are the prime factors of 71913?
3, 23971
What are the prime factors of 1157602?
2, 31, 18671
List the prime factors of 230050.
2, 5, 43, 107
What are the prime factors of 2983055?
5, 596611
List the prime factors of 13937074.
2, 43, 162059
What are the prime factors of 14545131?
3, 23, 71, 2969
List the prime factors of 78276.
2, 3, 11, 593
What are the prime factors of 169205?
5, 43, 787
What are the prime factors of 9694228?
2, 173, 14009
What are the prime factors of 815016?
2, 3, 29, 1171
What are the prime factors of 4074319?
4074319
What are the prime factors of 53286?
2, 3, 83, 107
List the prime factors of 350732.
2, 87683
List the prime factors of 406692.
2, 3, 11, 13, 79
List the prime factors of 60267.
3, 20089
List the prime factors of 855565.
5, 137, 1249
List the prime factors of 6051008.
2, 94547
List the prime factors of 736899.
3, 17, 14449
What are the prime factors of 2462919?
3, 31, 71, 373
What are the prime factors of 233963?
43, 5441
What are the prime factors of 21458123?
59, 367, 991
What are the prime factors of 9871117?
23, 163, 2633
List the prime factors of 5909015.
5, 7, 197, 857
What are the prime factors of 117140?
2, 5, 5857
What are the prime factors of 1687173?
3, 71, 89
What are the prime factors of 929303?
929303
What are the prime factors of 939096?
2, 3, 13043
What are the prime factors of 548345?
5, 7, 15667
What are the prime factors of 166446?
2, 3, 7, 1321
List the prime factors of 292111.
17, 17183
What are the prime factors of 9508206?
2, 3, 1584701
What are the prime factors of 10632705?
3, 5, 29, 24443
List the prime factors of 13474767.
3, 257, 17477
List the prime factors of 91617.
3, 30539
List the prime factors of 13381561.
23, 223, 2609
List the prime factors of 3130237.
11, 37, 7691
List the prime factors of 169379.
7, 24197
What are the prime factors of 380350?
2, 5, 7607
What are the prime factors of 162173?
11, 23, 641
What are the prime factors of 199776?
2, 3, 2081
List the prime factors of 23003130.
2, 3, 5, 751, 1021
List the prime factors of 66498.
2, 3, 11083
What are the prime factors of 604969?
23, 29, 907
What are the prime factors of 69731?
103, 677
List the prime factors of 9429474.
2, 3, 1571579
What are the prime factors of 20317281?
3, 67, 101081
List the prime factors of 1799094.
2, 3, 11, 27259
What are the prime factors of 4600903?
449, 10247
List the prime factors of 508497.
3, 11, 19, 811
List the prime factors of 590425.
5, 11, 19, 113
List the prime factors of 585594.
2, 3, 32533
What are the prime factors of 738757?
738757
What are the prime factors of 1368581?
353, 3877
What are the prime factors of 267828?
2, 3, 11, 2029
List the prime factors of 478186.
2, 373, 641
What are the prime factors of 417058?
2, 208529
What are the prime factors of 5202894?
2, 3, 193, 4493
List the prime factors of 8003326.
2, 173, 23131
What are the prime factors of 207108?
2, 3, 11, 523
What are the prime factors of 2759193?
3, 306577
What are the prime factors of 2873809?
2873809
What are the prime factors of 277292?
2, 181, 383
List the prime factors of 5805413.
5805413
List the prime factors of 13337885.
5, 11, 197, 1231
List the prime factors of 7402162.
2, 881, 4201
What are the prime factors of 1979585?
5, 283, 1399
What are the prime factors of 373132?
2, 93283
What are the prime factors of 1155028?
2, 7, 71, 83
List the prime factors of 3061286.
2, 1013, 1511
List the prime factors of 431821.
13, 59, 563
List the prime factors of 210288.
2, 3, 13, 337
List the prime factors of 863395.
5, 13, 37, 359
List the prime factors of 4020551.
17, 236503
What are the prime factors of 3143490?
2, 3, 5, 7, 14969
What are the prime factors of 231936?
2, 3, 151
List the prime factors of 1314099.
3, 146011
What are the prime factors of 411415?
5, 107, 769
List the prime factors of 6819860.
2, 5, 19, 131, 137
What are the prime factors of 254991?
3, 11, 7727
What are the prime factors of 102163?
19, 283
List the prime factors of 1255262.
2, 37, 16963
List the prime factors of 2332182.
2, 3, 388697
List the prime factors of 835970.
2, 5, 83597
List the prime factors of 3776592.
2, 3, 19, 41, 101
What are the prime factors of 28564378?
2, 59, 67, 3613
List the prime factors of 4138560.
2, 3, 5, 479
What are the prime factors of 43014?
2, 3, 67, 107
What are the prime factors of 28912094?
2, 14456047
List the prime factors of 2656989.
3, 98407
What are the prime factors of 3300708?
2, 3, 275059
What are the prime factors of 44786?
2, 7, 457
What are the prime factors of 109353?
3, 36451
List the prime factors of 313813.
31, 53, 191
What are the prime factors of 65559?
3, 13, 41
What are the prime factors of 12087333?
3, 41, 61, 179
What are the prime factors of 255876?
2, 3, 21323
List the prime factors of 3601038.
2, 3, 7, 83, 1033
List the prime factors of 1528484.
2, 211, 1811
What are the prime factors of 4636879?
13, 47, 7589
List the prime factors of 505994.
2, 431, 587
What are the prime factors of 1159453?
23, 50411
List the prime factors of 9793353.
3, 883, 3697
List the prime factors of 34849.
34849
List the prime factors of 111480.
2, 3, 5, 929
What a